16.
191d
36032 (base 7) to base 3
110201212
-11a (base 13) to base 4
-3000
What is 2114242 (base 5) in base 9?
53714
1c04 (base 14) to base 6
35340
What is -6337 (base 10) in base 9?
-8621
What is 3c0 (base 15) in base 4?
31113
Convert 111310 (base 6) to base 9.
13806
-295 (base 11) to base 7
-1003
What is 16551 (base 7) in base 5?
122430
Convert -746 (base 9) to base 7.
-1530
-3139 (base 10) to base 11
-23a4
2210223 (base 4) to base 10
10539
Convert -4631 (base 8) to base 5.
-34312
-14995 (base 11) to base 8
-51246
-ba7 (base 15) to base 9
-3544
What is 655 (base 14) in base 15?
586
What is -1110500 (base 6) in base 2?
-1101101001100100
Convert 60704 (base 8) to base 6.
311512
Convert 2457 (base 10) to base 14.
c77
What is -38040 (base 10) in base 12?
-1a020
What is 130410 (base 6) in base 7?
46305
-24540 (base 6) to base 14
-1496
What is -1155 (base 7) in base 4?
-12300
What is -542 (base 7) in base 16?
-113
What is -14623 (base 7) in base 3?
-12121021
1010101010101 (base 2) to base 5
133321
Convert 11014 (base 5) to base 10.
759
What is -147b (base 12) in base 9?
-3255
Convert 3ab8 (base 14) to base 13.
4936
Convert 17a7 (base 13) to base 8.
6675
dbc5 (base 15) to base 5
2442120
366431 (base 7) to base 10
67103
-1832 (base 9) to base 2
-10101111110
Convert 1143 (base 5) to base 15.
b8
What is 5ae (base 15) in base 6?
5545
221231 (base 4) to base 13
12a4
What is -10725 (base 9) in base 7?
-26564
-2444 (base 6) to base 2
-1001011100
-59d (base 14) to base 12
-793
Convert 453 (base 12) to base 10.
639
What is -10686 (base 11) in base 7?
-63035
-487 (base 9) to base 10
-403
What is -5c5 (base 14) in base 16?
-481
Convert 59db (base 15) to base 13.
8909
What is -1103 (base 8) in base 4?
-21003
Convert -514215 (base 6) to base 15.
-c2b8
-187 (base 11) to base 9
-260
Convert 33b (base 12) to base 10.
479
What is 6758 (base 12) in base 11?
8664
10211 (base 4) to base 9
355
Convert -10352 (base 6) to base 10.
-1436
What is 33061 (base 7) in base 4?
2001103
Convert 49a2 (base 13) to base 14.
3b3b
Convert 6a15 (base 16) to base 10.
27157
What is -2451 (base 8) in base 16?
-529
What is -14125 (base 13) in base 4?
-21022231
What is 200413 (base 6) in base 4?
3311121
Convert 30320 (base 4) to base 10.
824
What is -1251 (base 7) in base 9?
-580
What is 1102100 (base 3) in base 12?
723
25aa (base 12) to base 8
10322
Convert 30078 (base 9) to base 12.
b522
Convert 5655 (base 12) to base 6.
112145
Convert 15656 (base 16) to base 3.
11110012212
What is -6410 (base 9) in base 12?
-2883
What is -1101201 (base 3) in base 2?
-1111111010
What is 32440 (base 5) in base 16?
8c5
Convert -241 (base 5) to base 8.
-107
What is -2000001 (base 3) in base 5?
-21314
Convert -202120 (base 3) to base 2.
-1000101011
-516 (base 9) to base 6
-1540
Convert 107 (base 14) to base 10.
203
Convert -23233312 (base 4) to base 6.
-1010434
-110002101 (base 3) to base 9
-13071
222201 (base 3) to base 11
5a6
-48d1 (base 15) to base 5
-443441
Convert -3200 (base 4) to base 14.
-120
What is 102422 (base 5) in base 7?
13111
Convert 143132 (base 6) to base 3.
200202002
Convert 459 (base 16) to base 15.
4e3
Convert 113441 (base 5) to base 9.
5737
What is 2540 (base 7) in base 16?
3bf
Convert -543 (base 11) to base 3.
-220011
-672e (base 16) to base 3
-1100020022
What is 64e (base 16) in base 2?
11001001110
What is -1397a (base 15) in base 8?
-172652
-2104 (base 5) to base 2
-100010111
What is 7b80 (base 12) in base 15?
4136
What is 23210 (base 4) in base 8?
1344
What is -341 (base 10) in base 11?
-290
512 (base 7) to base 13
167
5b90 (base 12) to base 4
2201130
31 (base 13) to base 6
104
What is -121112 (base 3) in base 11?
-376
What is -4553 (base 8) in base 12?
-148b
Convert -2222 (base 10) to base 8.
-4256
Convert -2344 (base 10) to base 6.
-14504
What is da8d (base 16) in base 15?
1189e
1242 (base 10) to base 8
2332
100121 (base 3) to base 12
197
What is 23223032 (base 4) in base 7?
256265
Convert -1024311 (base 5) to base 6.
-212452
Convert 22011 (base 4) to base 6.
2553
What is -103004 (base 7) in base 5?
-1032330
Convert 1010121011 (base 3) to base 11.
15839
Convert 927 (base 10) to base 5.
12202
Convert -1112a (base 13) to base 14.
-b3d9
16 (base 15) to base 16
15
Convert 196b (base 14) to base 9.
6274
What is -10132 (base 4) in base 13?
-190
Convert -130302 (base 4) to base 5.
-24332
2244 (base 5) to base 8
504
-2202342 (base 5) to base 15
-b332
Convert 43448 (base 10) to base 6.
533052
Convert 28235 (base 10) to base 14.
a40b
Convert -245 (base 10) to base 11.
-203
631 (base 15) to base 3
1220201
What is -878d (base 15) in base 7?
-146461
-33520 (base 7) to base 12
-4ab7
What is -200 (base 10) in base 4?
-3020
Convert -356 (base 16) to base 4.
-31112
Convert -10340414 (base 5) to base 12.
-44191
-3933 (base 16) to base 14
-549d
-315530 (base 7) to base 10
-54803
6a5 (base 11) to base 2
1101001001
Convert -665 (base 11) to base 3.
-1002112
Convert -30115 (base 6) to base 9.
-5352
-d2 (base 15) to base 11
-16a
Convert 441 (base 6) to base 15.
b4
What is 20553 (base 6) in base 5?
42210
Convert 359 (base 13) to base 3.
210112
What is 1024533 (base 6) in base 10?
50313
Convert -221110212 (base 3) to base 6.
-221552
-b3b9 (base 12) to base 16
-4c7d
What is -39cc (base 13) in base 6?
-102200
Convert 49d (base 15) to base 12.
734
Convert -5883 (base 10) to base 15.
-1b23
What is -431 (base 11) in base 16?
-206
Convert -17 (base 13) to base 14.
-16
44 (base 5) to base 6
40
What is 2dcc (base 14) in base 6?
102012
-20a9 (base 16) to base 15
-2726
What is 1cc2 (base 13) in base 7?
15531
What is 2400234 (base 5) in base 15?
ceb4
Convert 2641 (base 7) to base 8.
1761
What is 11423 (base 5) in base 16?
35f
Convert -11001111111010 (base 2) to base 5.
-411211
What is -875 (base 10) in base 11?
-726
5405 (base 9) to base 16
f86
What is 1d5c (base 15) in base 4?
1203303
What is -311223 (base 5) in base 6?
-115100
What is -1543 (base 15) in base 9?
-6230
What is -9938 (base 16) in base 10?
-39224
Convert -5015 (base 7) to base 14.
-8b5
What is -28250 (base 9) in base 7?
-106602
What is 717 (base 13) in base 16?
4b3
49a (base 11) to base 16
251
-1254 (base 6) to base 12
-22a
Convert 102211212 (base 3) to base 8.
20674
What is 5bde (base 15) in base 10?
19559
Convert -20680 (base 9) to base 5.
-414210
What is -32011 (base 5) in base 7?
-6133
-180 (base 15) to base 5
-2340
-1436 (base 9) to base 7
-3111
What is 320 (base 8) in base 13?
130
What is -221221 (base 3) in base 7?
-2020
What is 2322 (base 7) in base 10?
849
What is -145 (base 16) in base 2?
-101000101
Convert 3111 (base 5) to base 6.
1514
What is -101101111 (base 2) in base 5?
-2432
-110010100110 (base 2) to base 5
-100423
-123223 (base 4) to base 10
-1771
What is 174 (base 13) in base 2?
100001000
595 (base 14) to base 8
2127
Convert -11221 (base 5) to base 6.
-3431
5531 (base 6) to base 13
775
What is -20ab (base 14) in base 12?
-331b
15817 (base 9) to base 13
4c42
-100001101 (base 2) to base 6
-1125
Convert 11557 (base 9) to base 7.
31405
Convert -46052 (base 8) to base 10.
-19498
What is -17503 (base 15) in base 9?
-124353
-1231134 (base 5) to base 3
-1012210220
422242 (base 5) to base 3
201022012
Convert 1639 (base 10) to base 5.
23024
3036 (base 9) to base 15
9d0
1212 (base 10) to base 9
1586
-1010010101111001 (base 2) to base 3
-2011002221
1210010 (base 4) to base 16
1904
24b (base 12) to base 15
182
What is -12100021 (base 4) in base 15?
-78c4
What is 45a (base 11) in base 16?
225
-2012001 (base 4) to base 6
-103413
Convert -1543a (base 11) to base 10.
-21823
Convert -9508 (base 13) to base 15.
-61a1
What is 359a (base 12) in base 16?
1786
608 (base 13) to base 10
1022
Convert 5757 (base 9) to base 12.
2574
Convert -1000110111111 (base 2) to base 7.
-16150
-533 (base 7) to base 13
-179
What is -538 (base 10) in base 3?
-201221
Convert 241021 (base 5) to base 15.
2976
What is -3a (base 14) in base 15?
-37
Convert 2701 (base 8) to base 13.
894
Convert -15818 (base 9) to base 6.
-122155
Convert ca (base 14) to base 5.
1203
Convert -9604 (base 10) to base 2.
-10010110000100
What is -42278 (base 10) in base 6?
-523422
What is -14210 (base 5) in base 16?
-49c
What is 2290 (base 10) in base 14?
b98
-2103044 (base 5) to base 8
-103726
10507